hat is the highest common divisor of 10113 and 24?
3
What is the highest common divisor of 167 and 384935?
167
What is the highest common factor of 12975 and 3435?
15
What is the highest common factor of 2026492 and 208?
52
What is the highest common divisor of 128 and 33856?
64
Calculate the highest common divisor of 427 and 23119.
61
What is the highest common factor of 14 and 1659?
7
Calculate the greatest common divisor of 28 and 38262.
14
Calculate the highest common divisor of 23136 and 132068.
964
What is the highest common divisor of 1033500 and 260?
260
Calculate the greatest common factor of 1280 and 19456.
256
What is the greatest common factor of 414432 and 608?
32
What is the greatest common factor of 1057440 and 192?
96
Calculate the greatest common divisor of 70 and 213430.
70
Calculate the highest common divisor of 1867580 and 88.
44
Calculate the greatest common factor of 126 and 2745.
9
What is the highest common factor of 823024 and 16?
16
What is the highest common divisor of 114 and 167694?
114
What is the greatest common factor of 185 and 30377?
37
What is the highest common divisor of 2125 and 34425?
425
Calculate the highest common divisor of 45726 and 6.
6
Calculate the highest common divisor of 1417 and 230711.
13
Calculate the highest common factor of 107 and 26.
1
What is the greatest common divisor of 6279 and 235872?
273
Calculate the greatest common divisor of 230 and 390.
10
What is the greatest common factor of 415 and 235?
5
Calculate the greatest common factor of 2346 and 160494.
138
What is the highest common factor of 16247 and 594?
11
What is the highest common divisor of 29616 and 36?
12
Calculate the greatest common factor of 1988 and 32873.
71
What is the greatest common divisor of 109359 and 29?
29
What is the highest common divisor of 875533 and 5673?
1891
What is the highest common factor of 1052 and 6668?
4
Calculate the highest common factor of 1295 and 112924.
259
What is the highest common divisor of 1984 and 1337712?
496
What is the highest common divisor of 2648 and 151267?
331
Calculate the highest common divisor of 128614 and 4808.
1202
What is the highest common factor of 1275 and 27744?
51
What is the highest common factor of 59637 and 618?
309
Calculate the greatest common divisor of 150071 and 329.
47
Calculate the greatest common factor of 81731 and 26.
13
Calculate the greatest common factor of 45612 and 4788.
252
Calculate the greatest common divisor of 2425358 and 26.
26
Calculate the highest common factor of 473 and 473.
473
What is the greatest common factor of 120 and 1400760?
120
What is the highest common factor of 9384 and 2907?
51
Calculate the greatest common divisor of 4394 and 3974373.
2197
What is the greatest common divisor of 129310 and 50?
10
What is the greatest common factor of 622 and 127199?
311
What is the highest common divisor of 1740 and 176940?
60
Calculate the highest common divisor of 332 and 14110.
166
What is the greatest common divisor of 38997 and 252?
63
What is the highest common divisor of 38850 and 54?
6
Calculate the greatest common divisor of 44 and 844052.
44
What is the greatest common divisor of 336288 and 6328?
904
What is the greatest common divisor of 70 and 102893?
7
What is the highest common divisor of 3160 and 17000?
40
What is the greatest common factor of 22 and 91531?
11
What is the highest common factor of 1224 and 336294?
306
What is the greatest common factor of 170080 and 60?
20
Calculate the greatest common divisor of 508 and 2468.
4
What is the greatest common divisor of 3 and 1795?
1
Calculate the highest common divisor of 336 and 2800.
112
What is the greatest common divisor of 25327 and 91977?
1333
Calculate the greatest common factor of 44 and 699204.
44
Calculate the greatest common divisor of 391 and 1751.
17
What is the highest common factor of 182 and 336?
14
What is the highest common divisor of 1853920 and 16?
16
What is the highest common divisor of 271752 and 728?
104
What is the highest common divisor of 120318 and 198?
66
Calculate the greatest common factor of 351 and 23426.
13
Calculate the greatest common factor of 945 and 7945.
35
What is the highest common factor of 15 and 1004250?
15
What is the highest common factor of 19942 and 590?
118
Calculate the highest common divisor of 73023 and 23136.
723
What is the highest common divisor of 60 and 345990?
30
What is the greatest common divisor of 21423 and 1443?
111
Calculate the greatest common factor of 3195436 and 739.
739
What is the highest common divisor of 190323 and 5035?
1007
Calculate the highest common factor of 5015 and 170.
85
What is the greatest common factor of 346 and 50689?
173
Calculate the highest common factor of 7742 and 324282.
98
Calculate the highest common divisor of 24 and 84776.
8
Calculate the greatest common divisor of 777 and 1073037.
777
What is the greatest common divisor of 224400 and 765?
255
What is the highest common factor of 9 and 2750445?
9
What is the greatest common factor of 1203 and 72?
3
What is the greatest common factor of 19386 and 999?
27
Calculate the greatest common divisor of 1762474 and 868.
434
What is the highest common divisor of 8624701 and 23?
23
Calculate the greatest common factor of 105 and 34230.
105
Calculate the highest common factor of 66 and 3018752.
22
Calculate the highest common divisor of 1305 and 6611565.
435
What is the highest common factor of 16146 and 22698?
234
Calculate the highest common divisor of 2349 and 92539.
29
What is the greatest common factor of 1430136 and 1944?
648
What is the highest common factor of 983346 and 2730?
546
Calculate the greatest common factor of 820 and 6724.
164
Calculate the highest common divisor of 136953 and 18.
9
What is the highest common factor of 230 and 1690?
10
Calculate the highest common divisor of 14 and 536186.
14
What is the highest common divisor of 184846 and 145?
29
Calculate the greatest common divisor of 63 and 318801.
21
What is the highest common divisor of 7 and 142?
1
What is the highest common divisor of 16 and 7094512?
16
What is the highest common divisor of 605 and 721985?
55
Calculate the greatest common factor of 64 and 188816.
16
Calculate the greatest common factor of 498848 and 32.
32
What is the greatest common divisor of 7952 and 84?
28
Calculate the greatest common divisor of 54 and 8510.
2
Calculate the greatest common factor of 924 and 3828.
132
What is the greatest common factor of 3 and 1789?
1
What is the greatest common divisor of 26 and 83499?
13
What is the greatest common divisor of 1539 and 1767?
57
What is the greatest common factor of 161722 and 396?
22
What is the greatest common divisor of 596 and 5662?
298
What is the greatest common factor of 1318 and 8?
2
Calculate the greatest common factor of 16130 and 270.
10
What is the greatest common factor of 3153297 and 294?
147
Calculate the highest common divisor of 222005 and 70.
35
Calculate the highest common divisor of 470 and 981830.
470
Calculate the highest common divisor of 30844 and 2.
2
Calculate the greatest common divisor of 157455 and 20.
5
Calculate the highest common divisor of 48 and 704220.
12
What is the greatest common factor of 44287 and 1139?
67
What is the greatest common factor of 781 and 225070?
71
What is the greatest common divisor of 1337 and 16426?
191
Calculate the greatest common divisor of 49356 and 24.
12
Calculate the highest common factor of 1447980 and 40.
20
Calculate the highest common divisor of 364 and 3581669.
91
Calculate the greatest common divisor of 31551 and 832.
13
Calculate the greatest common factor of 15 and 390705.
15
What is the highest common factor of 16684 and 291?
97
What is the greatest common divisor of 506736 and 18?
18
What is the greatest common divisor of 1926543 and 5556?
1389
Calculate the greatest common divisor of 5074 and 4484.
118
Calculate the highest common factor of 3688616 and 193.
193
What is the greatest common divisor of 54 and 8910?
54
Calculate the greatest common factor of 10791 and 1034.
11
Calculate the greatest common factor of 146531 and 847.
847
Calculate the greatest common factor of 429 and 217347.
39
What is the greatest common divisor of 6508940 and 20?
20
Calculate the highest 